 base 12.
-3195
Convert -3087 (base 9) to base 12.
-138a
Convert 25147 (base 12) to base 16.
c487
Convert -10201 (base 6) to base 13.
-814
Convert 3321 (base 5) to base 4.
13031
Convert 1484 (base 14) to base 3.
11222222
Convert -320014 (base 5) to base 8.
-24612
What is -5123 (base 7) in base 11?
-137a
-11011120 (base 3) to base 8
-5737
What is -14040 (base 5) in base 11?
-951
-9941 (base 11) to base 14
-4ac9
What is -1200020 (base 3) in base 10?
-1221
13485 (base 9) to base 6
110205
Convert -20112112 (base 3) to base 2.
-1001010011110
-22a6 (base 11) to base 9
-4125
Convert -473 (base 8) to base 3.
-102200
What is -34474 (base 10) in base 12?
-17b4a
1466 (base 10) to base 2
10110111010
What is -2501 (base 7) in base 13?
-569
f6e (base 16) to base 3
12102022
Convert 125032 (base 7) to base 11.
165a5
What is -1160 (base 9) in base 4?
-31200
Convert 26245 (base 8) to base 5.
331204
2b4 (base 15) to base 7
1543
Convert 1540 (base 7) to base 9.
754
Convert 354442 (base 6) to base 13.
11066
101044 (base 5) to base 11
2507
Convert -20440 (base 6) to base 12.
-1720
What is -13416 (base 8) in base 14?
-2218
213 (base 7) to base 8
154
64113 (base 7) to base 6
201153
105211 (base 7) to base 16
48c4
-200022 (base 3) to base 15
-22e
-20031 (base 8) to base 6
-102013
4734 (base 8) to base 2
100111011100
What is -3a4 (base 14) in base 13?
-444
-61173 (base 8) to base 12
-1270b
113101 (base 4) to base 6
10521
Convert -a64 (base 12) to base 10.
-1516
Convert a30a (base 15) to base 16.
8683
Convert 2131 (base 5) to base 8.
443
What is -31143 (base 5) in base 12?
-1228
What is -a4 (base 16) in base 14?
-ba
20130 (base 5) to base 2
10100001010
What is 12c9 (base 14) in base 4?
303301
What is -901 (base 11) in base 10?
-1090
245b (base 12) to base 15
1338
What is 381 (base 10) in base 7?
1053
233300 (base 6) to base 16
4ee4
What is -11100110110101 (base 2) in base 9?
-22234
What is -11039 (base 10) in base 6?
-123035
What is -11100111 (base 2) in base 8?
-347
What is -437 (base 15) in base 3?
-1022021
Convert 6109 (base 14) to base 15.
4e14
-3102 (base 4) to base 6
-550
-3619 (base 10) to base 7
-13360
Convert 2b17 (base 16) to base 15.
3406
Convert -363 (base 12) to base 10.
-507
-224031 (base 6) to base 12
-b017
12029 (base 10) to base 11
9046
Convert -122 (base 13) to base 14.
-101
-550204 (base 6) to base 14
-127b6
-344 (base 12) to base 13
-2b3
What is 3909 (base 11) in base 5?
130331
2b (base 14) to base 13
30
What is -42c (base 15) in base 3?
-1021220
What is -11001001 (base 3) in base 4?
-232000
Convert 101010111010 (base 2) to base 7.
11002
-3431 (base 5) to base 12
-34b
Convert -7b05 (base 14) to base 6.
-242533
What is -111100100011001 (base 2) in base 13?
-11159
-100001000010101 (base 2) to base 6
-210153
Convert 4466 (base 10) to base 7.
16010
-17470 (base 10) to base 13
-7c4b
-173 (base 13) to base 16
-107
Convert 70c (base 15) to base 9.
2153
What is -20012 (base 3) in base 12?
-11b
121246 (base 7) to base 9
33257
-114013 (base 8) to base 7
-221323
Convert 2333 (base 12) to base 6.
30103
-b (base 13) to base 14
-b
What is -10133 (base 6) in base 10?
-1353
What is -5116 (base 9) in base 13?
-191a
What is 70c (base 15) in base 13?
951
Convert -101111011 (base 2) to base 12.
-277
96 (base 13) to base 16
7b
-1301 (base 5) to base 16
-c9
What is 2457 (base 13) in base 15?
17cc
What is 6619 (base 10) in base 15?
1e64
Convert 677 (base 8) to base 3.
121120
Convert 40144 (base 5) to base 13.
1211
What is -317 (base 15) in base 14?
-37b
What is 1011001101001101 (base 2) in base 7?
250552
What is 11002112200 (base 3) in base 5?
10034321
-9058 (base 10) to base 4
-2031202
What is 5365 (base 7) in base 10?
1909
Convert 24693 (base 10) to base 15.
74b3
-2102303 (base 4) to base 9
-13788
-2040 (base 11) to base 3
-10201020
-850 (base 14) to base 8
-3146
-21022 (base 3) to base 7
-401
Convert 1137 (base 9) to base 6.
3524
Convert 42124 (base 8) to base 10.
17492
Convert -110111110100 (base 2) to base 6.
-24312
What is 5135 (base 9) in base 3?
12011012
256 (base 12) to base 14
1b4
What is -101100000010 (base 2) in base 7?
-11134
What is -165 (base 9) in base 10?
-140
Convert -1045 (base 7) to base 4.
-11320
-1011210 (base 3) to base 9
-1153
What is 355066 (base 7) in base 4?
33222331
30030 (base 5) to base 16
762
58dc (base 14) to base 2
11110001111010
1001011011000 (base 2) to base 12
2960
-110100101 (base 2) to base 8
-645
Convert -122213 (base 4) to base 8.
-3247
What is -12013121 (base 4) in base 10?
-25049
What is -326 (base 9) in base 8?
-413
1540 (base 6) to base 11
352
Convert -705 (base 10) to base 7.
-2025
What is -bb0c (base 13) in base 14?
-96bc
Convert 85ba (base 12) to base 9.
22127
-73c (base 14) to base 2
-10110010010
-207 (base 16) to base 11
-432
221020011 (base 3) to base 10
18391
Convert 158 (base 13) to base 2.
11110010
Convert -2222212220 (base 3) to base 10.
-58965
732 (base 10) to base 5
10412
What is 14351 (base 13) in base 4?
21100202
What is -101000100 (base 2) in base 5?
-2244
Convert 100001111111101 (base 2) to base 16.
43fd
Convert 10010100 (base 2) to base 15.
9d
Convert 55263 (base 8) to base 2.
101101010110011
What is -3a2 (base 15) in base 12?
-58b
What is -1101 (base 6) in base 8?
-375
What is -14 (base 15) in base 6?
-31
What is -3511 (base 7) in base 6?
-5534
What is -11110 (base 6) in base 12?
-a96
What is -17488 (base 10) in base 7?
-101662
What is 279 (base 11) in base 15?
16d
Convert 72141 (base 8) to base 16.
7461
Convert 50a8 (base 13) to base 10.
11123
Convert -1002201 (base 3) to base 2.
-1100100010
What is 677 (base 12) in base 5?
12310
Convert 5134 (base 7) to base 4.
123331
6543 (base 16) to base 4
12111003
What is -1000000011 (base 2) in base 10?
-515
What is -13230 (base 15) in base 9?
-103010
What is -109 (base 15) in base 16?
-ea
What is 16a6 (base 13) in base 15?
ed2
-15014 (base 9) to base 4
-2133223
Convert -3ab (base 14) to base 15.
-344
4758 (base 13) to base 6
114300
What is 4010 (base 14) in base 13?
5005
Convert -13d3 (base 15) to base 8.
-10230
-22211121 (base 3) to base 8
-14452
What is -b71b (base 14) in base 16?
-7b5d
128 (base 16) to base 3
101222
Convert -536323 (base 7) to base 12.
-46104
What is -be4c (base 16) in base 8?
-137114
What is 17880 (base 11) in base 16?
61b6
What is 774 (base 13) in base 5?
20103
4791 (base 14) to base 5
344400
What is 63 (base 15) in base 8?
135
12615 (base 7) to base 2
110101000001
364 (base 12) to base 5
4013
Convert -777 (base 8) to base 15.
-241
Convert 31454 (base 6) to base 14.
17bc
Convert 35550 (base 6) to base 16.
143a
What is 100011011 (base 2) in base 13?
18a
What is -1400 (base 9) in base 8?
-2035
What is -27a9 (base 15) in base 9?
-12566
What is -36240 (base 8) in base 5?
-444040
3cac (base 15) to base 12
7623
11202 (base 3) to base 15
88
What is 60b (base 12) in base 13?
524
-1342023 (base 5) to base 13
-c838
What is 63771 (base 10) in base 15?
13d66
What is -8b7 (base 14) in base 7?
-5020
Convert 12012212 (base 3) to base 15.
11d8
Convert -1113 (base 6) to base 13.
-171
6758 (base 9) to base 11
3830
What is -10323101 (base 4) in base 16?
-4ed1
Convert -377 (base 9) to base 10.
-313
Convert 1620 (base 7) to base 9.
803
-2842 (base 10) to base 5
-42332
What is -75e (base 15) in base 11?
-1283
1342132 (base 5) to base 14
a1b2
What is -172 (base 10) in base 11?
-147
Convert a4bd (base 14) to base 16.
6ee7
Convert 4642 (base 16) to base 12.
a4aa
113123 (base 4) to base 6
10535
Convert d52 (base 15) to base 16.
bba
Convert -3132023 (base 4) to base 5.
-423334
What is -834 (base 16) in base 12?
-1270
-9782 (base 10) to base 2
-10011000110110
-10214 (base 5) to base 16
-2ac
Convert 11514 (base 6) to base 12.
b9a
25344 (base 8) to base 14
4004
Convert 5a6 (base 14) to base 5.
14001
Convert -748 (base 11) to base 7.
-2423
What is -13a3 (base 16) in base 10?
-5027
Convert 2001022 (base 3) to base 4.
113111
What is 22010011 (base 3) in base 10?
5917
340 (base 12) to base 2
111100000
204432 (base 5) to base 4
1223103
What is 448 (base 13) in base 9?
1007
Convert 15116 (base 14) to base 5.
3133402
What is -1030 (base 8) in base 13?
-323
Convert 53c9 (base 13) to base 11.
8838
11111101011 (base 2) to base 11
1583
Convert 15244 (base 6) to base 10.
2476
-3359 (ba